ase 9.
-24705727
4020204 (base 5) to base 15
13d89
Convert -1130000020 (base 4) to base 16.
-5c008
What is 3721510 (base 8) in base 13?
29b61b
What is -11001001001000111111101 (base 2) in base 8?
-31110775
Convert 349526 (base 11) to base 15.
ae3a4
210184 (base 10) to base 12
a1774
Convert -1803368 (base 12) to base 13.
-1055a38
113402034 (base 7) to base 15
936c20
-389ab6 (base 15) to base 6
-134113413
What is 1558379 (base 11) in base 2?
1010001001101011111110
What is 2432420310 (base 5) in base 16?
57b5ed
Convert 568363 (base 13) to base 11.
1178206
What is 244441344 (base 5) in base 14?
226cca
What is 291de1 (base 15) in base 9?
3648234
Convert 3ee517 (base 15) to base 3.
12201012121111
What is 111120022 (base 3) in base 15?
2de5
-65481 (base 9) to base 4
-22212100
-2102200211111 (base 3) to base 15
-1a8234
-113326 (base 9) to base 14
-1ab3a
-93779 (base 11) to base 15
-2a780
Convert -10001100011110001 (base 2) to base 7.
-416453
Convert 40100304 (base 5) to base 15.
6381e
41010420 (base 5) to base 4
1100102130
Convert -13a83b (base 12) to base 13.
-b6ca8
What is -15ccbb (base 13) in base 4?
-2010132310
Convert -285322 (base 11) to base 6.
-13322024
Convert 34020450 (base 6) to base 9.
1837713
Convert c68a9 (base 13) to base 16.
5741d
1110100100010001111111 (base 2) to base 15
50669d
What is -113233 (base 5) in base 2?
-1000001100001
What is -1001003003 (base 5) in base 11?
-1125487
Convert 33663 (base 15) to base 7.
1250340
What is -11010000101011011101 (base 2) in base 6?
-30153101
What is -1197b (base 14) in base 5?
-2334113
51203022 (base 6) to base 4
11211010112
2600b (base 14) to base 6
1555551
-111110100011000000101 (base 2) to base 11
-117a93a
20764122 (base 9) to base 13
20cb6a3
-1203968 (base 12) to base 8
-15240640
What is -12373023 (base 8) in base 11?
-1609104
-2695080 (base 10) to base 4
-22101332220
What is 201122002101 (base 3) in base 13?
106b79
Convert 524a17 (base 14) to base 7.
32422530
Convert 4ab3e (base 15) to base 2.
111010010011000000
Convert -10000110111010101000100 (base 2) to base 16.
-437544
Convert -7a59 (base 15) to base 14.
-9663
What is -10000000000101111001 (base 2) in base 11?
-329209
-111022002 (base 6) to base 4
-13222202102
169233 (base 10) to base 11
106169
What is 66398 (base 14) in base 5?
30411212
Convert 100001000011111010011 (base 2) to base 9.
2031058
What is 1232103 (base 5) in base 6?
303124
What is 1433687 (base 10) in base 11?
89a172
-184124 (base 10) to base 3
-100100120102
Convert -340430 (base 7) to base 16.
-eb52
Convert -102010202022 (base 3) to base 9.
-363668
-100002121100002 (base 3) to base 13
-10034cc
What is -1110111011110001001 (base 2) in base 3?
-220212021012
What is -1304023 (base 8) in base 12?
-155957
What is 103314124 (base 5) in base 4?
1231120213
Convert -348992 (base 13) to base 6.
-42422415
2fda (base 16) to base 6
132414
-100121001001 (base 3) to base 14
-4cb67
What is 111410103 (base 5) in base 6?
14355212
-133132101132 (base 4) to base 14
-114aa2a
13003164 (base 7) to base 10
1177614
Convert -133831 (base 11) to base 9.
-350018
Convert 10601300 (base 8) to base 6.
121102304
Convert 2532225 (base 9) to base 3.
2121002020212
3214212 (base 6) to base 9
260358
Convert -200004310 (base 5) to base 16.
-bee06
-aca983 (base 13) to base 8
-17437234
What is 762712 (base 8) in base 7?
2112464
Convert 331231 (base 5) to base 2.
10110010110001
What is -503657 (base 8) in base 10?
-165807
Convert 12404204 (base 8) to base 12.
b0a198
What is 22210101112 (base 3) in base 13?
60a01
-1011011010000001 (base 2) to base 16
-b681
13160311 (base 8) to base 16
2ce0c9
-650045 (base 7) to base 6
-2230332
3241267 (base 11) to base 14
a84243
What is -a22aa7 (base 12) in base 16?
-26ad9f
What is 20002001211200 (base 3) in base 10?
3229353
What is -1001111111000010 (base 2) in base 8?
-117702
Convert 204105 (base 12) to base 13.
148970
Convert -11864316 (base 10) to base 16.
-b508fc
What is 18957 (base 11) in base 3?
1100021021
32325 (base 7) to base 6
101143
33323123 (base 5) to base 3
112211221111
-5726797 (base 10) to base 4
-111312021031
-227503 (base 9) to base 10
-136731
What is -305010 (base 13) in base 4?
-10102220031
Convert 3ca24 (base 16) to base 12.
bb884
-3131302330 (base 4) to base 2
-11011101110010111100
Convert -2adcd (base 16) to base 14.
-47da5
What is 7b075 (base 12) in base 9?
270268
What is 3994712 (base 10) in base 7?
45645251
-4b232 (base 16) to base 6
-10332454
What is 20012011001 (base 3) in base 10?
121852
Convert -3101111200 (base 4) to base 10.
-857440
What is d200a0 (base 14) in base 16?
6bdc0c
Convert -232000022 (base 4) to base 8.
-560012
What is 5a4081 (base 15) in base 7?
51456160
-421152 (base 7) to base 6
-1315243
-20444024 (base 5) to base 4
-221323310
What is 200200 (base 5) in base 13?
2b38
What is -3126230 (base 8) in base 16?
-cac98
87020 (base 10) to base 15
1abb5
What is 1779ca0 (base 14) in base 10?
11590404
-3102755 (base 9) to base 12
-67a01b
Convert 24253023 (base 7) to base 10.
2164347
Convert 578071 (base 12) to base 11.
879296
What is -1314204 (base 6) in base 14?
-1c468
Convert -66256 (base 12) to base 4.
-200333202
What is -4673416 (base 9) in base 2?
-1001101001010011111111
What is 10111011100100101111000 (base 2) in base 12?
2084b60
What is 35515 (base 12) in base 11?
49868
What is 23000341 (base 8) in base 9?
10331531
Convert 21100212022 (base 3) to base 8.
433113
What is 6154255 (base 7) in base 12?
2b6074
-11011100111010000111 (base 2) to base 16
-dce87
534420 (base 7) to base 6
1553420
What is 940473 (base 13) in base 8?
15137213
What is 88825c (base 14) in base 9?
8640341
Convert -2305240 (base 6) to base 15.
-24d96
What is 20a6d (base 15) in base 5?
11303403
-450bc0 (base 13) to base 10
-1629992
What is -200011212 (base 4) in base 12?
-64086
What is -44506515 (base 7) in base 3?
-21020122202000
-5376464 (base 8) to base 15
-1d6ebb
Convert -1244133 (base 5) to base 3.
-1021011220
What is 225e8 (base 16) in base 10?
140776
-4114224314 (base 5) to base 12
-29692a2
What is 4642157 (base 8) in base 11?
792762
What is -3581cb (base 14) in base 3?
-10102212101020
5cc787 (base 13) to base 8
10375247
What is 2140221 (base 7) in base 11?
169790
What is -10101111 (base 4) in base 8?
-42125
-11110110010110111 (base 2) to base 13
-45549
412004400 (base 6) to base 14
d28b4c
Convert -10040144 (base 7) to base 8.
-3133314
What is -30579 (base 10) in base 13?
-10bc3
What is 36ded (base 16) in base 2?
110110110111101101
Convert 55ad (base 16) to base 14.
7dc9
What is -83e09b (base 15) in base 6?
-342251315
Convert 3102122010 (base 4) to base 5.
210034303
Convert -31396a (base 12) to base 14.
-161dd0
Convert -5b59a5 (base 12) to base 7.
-15412424
What is 11103213 (base 4) in base 10?
21735
Convert -1246033 (base 11) to base 10.
-2160249
What is 435283 (base 9) in base 5?
31303021
What is -10014130 (base 6) in base 13?
-9b56b
Convert 55036 (base 12) to base 13.
3c1b3
Convert b43a (base 12) to base 6.
230514
Convert 249a8 (base 11) to base 6.
433445
Convert -10024020 (base 6) to base 13.
-9bcc4
Convert 521fc (base 16) to base 15.
69a05
-b432 (base 15) to base 11
-26671
573445 (base 9) to base 13
c05b4
2202221220 (base 3) to base 14
15cb3
Convert -254505 (base 9) to base 3.
-21211120012
What is -476b (base 12) in base 11?
-6016
Convert -3473380 (base 9) to base 16.
-1caba4
-790834 (base 10) to base 13
-218c65
Convert -13503451 (base 6) to base 14.
-bd6d1
1da284 (base 14) to base 12
434510
-32690 (base 15) to base 14
-424c6
10120100 (base 4) to base 9
26538
Convert -2467a (base 13) to base 3.
-10101221102
Convert 132228 (base 14) to base 12.
279438
-aa05a0 (base 11) to base 6
-101401111
Convert 101002200012 (base 3) to base 12.
9704b
What is -41143221 (base 5) in base 4?
-1101211222
What is -11100001100000 (base 2) in base 9?
-21715
What is -2453141 (base 6) in base 3?
-20200112021
Convert -6792 (base 12) to base 7.
-45326
2001202202201 (base 3) to base 7
12221206
What is 100010011010001110110101 (base 2) in base 3?
121222021120201
What is -80885 (base 13) in base 8?
-701075
Convert 28981 (base 10) to base 5.
1411411
What is -371e38 (base 16) in base 11?
-2047a03
1a61a01 (base 14) to base 12
4499a81
-2067061 (base 8) to base 16
-86e31
Convert -34621 (base 